27.
231
What is the remainder when 736208 is divided by 38742?
110
What is the remainder when 11162 is divided by 1685?
1052
Calculate the remainder when 2695954 is divided by 1170.
274
What is the remainder when 7594 is divided by 5700?
1894
What is the remainder when 184786 is divided by 1434?
1234
What is the remainder when 32987413 is divided by 308?
305
Calculate the remainder when 68601766 is divided by 5250.
16
What is the remainder when 35132 is divided by 1247?
216
Calculate the remainder when 345979183 is divided by 86494794.
7
What is the remainder when 611526 is divided by 305740?
46
Calculate the remainder when 49391820 is divided by 13.
10
Calculate the remainder when 3661641 is divided by 183.
177
Calculate the remainder when 34550168 is divided by 94.
92
What is the remainder when 3835976 is divided by 463?
21
What is the remainder when 232576 is divided by 195?
136
Calculate the remainder when 14878040 is divided by 181.
21
What is the remainder when 403635 is divided by 861?
687
Calculate the remainder when 963992 is divided by 94.
22
What is the remainder when 30101471 is divided by 971015?
6
What is the remainder when 29503200 is divided by 1134738?
12
What is the remainder when 184320 is divided by 134?
70
Calculate the remainder when 2505602 is divided by 54.
2
Calculate the remainder when 1300511964 is divided by 26.
24
What is the remainder when 85566 is divided by 586?
10
What is the remainder when 6040 is divided by 1387?
492
What is the remainder when 38111880 is divided by 19055924?
32
Calculate the remainder when 2059964 is divided by 718.
22
What is the remainder when 59042 is divided by 881?
15
Calculate the remainder when 65661 is divided by 32741.
179
Calculate the remainder when 31881 is divided by 1328.
9
What is the remainder when 19133 is divided by 1125?
8
What is the remainder when 13260261 is divided by 6630117?
27
What is the remainder when 171774 is divided by 760?
14
Calculate the remainder when 4098314 is divided by 290.
34
What is the remainder when 182065 is divided by 12081?
850
What is the remainder when 4898423 is divided by 99967?
40
What is the remainder when 1033758 is divided by 2302?
160
Calculate the remainder when 611511 is divided by 318.
315
What is the remainder when 393566 is divided by 196737?
92
Calculate the remainder when 50701044 is divided by 2595.
2529
What is the remainder when 23612 is divided by 6853?
3053
Calculate the remainder when 23588 is divided by 560.
68
What is the remainder when 6243386 is divided by 124?
110
What is the remainder when 58627 is divided by 917?
856
Calculate the remainder when 1694811 is divided by 14005.
206
What is the remainder when 116152459 is divided by 272?
27
Calculate the remainder when 32040666 is divided by 1068020.
66
What is the remainder when 75615 is divided by 18576?
1311
Calculate the remainder when 887050 is divided by 44352.
10
Calculate the remainder when 2773393 is divided by 206.
15
Calculate the remainder when 977471 is divided by 41.
31
What is the remainder when 54987 is divided by 291?
279
What is the remainder when 3831636 is divided by 55530?
66
What is the remainder when 14819876 is divided by 743?
741
Calculate the remainder when 2014794 is divided by 77489.
80
Calculate the remainder when 122218190 is divided by 1404.
1394
Calculate the remainder when 104630 is divided by 52305.
20
Calculate the remainder when 32375663 is divided by 37822.
31
Calculate the remainder when 1867777 is divided by 1867115.
662
Calculate the remainder when 81167 is divided by 178.
177
What is the remainder when 397217 is divided by 198503?
211
What is the remainder when 103071 is divided by 319?
34
Calculate the remainder when 1675784 is divided by 81.
56
What is the remainder when 73506591 is divided by 2085?
2001
Calculate the remainder when 190861 is divided by 190845.
16
Calculate the remainder when 2061768 is divided by 89642.
2
Calculate the remainder when 26208202 is divided by 43463.
13
Calculate the remainder when 36365558 is divided by 435.
428
Calculate the remainder when 11151 is divided by 1860.
1851
Calculate the remainder when 19495804 is divided by 86.
34
Calculate the remainder when 64885563 is divided by 10390.
13
Calculate the remainder when 18876874 is divided by 1959.
1909
Calculate the remainder when 23125 is divided by 7674.
103
What is the remainder when 944156 is divided by 472008?
140
What is the remainder when 240372912 is divided by 1681?
1679
What is the remainder when 622088 is divided by 45?
8
What is the remainder when 102136 is divided by 91?
34
What is the remainder when 191202 is divided by 1520?
1202
What is the remainder when 315348 is divided by 23871?
5025
What is the remainder when 413286 is divided by 288?
6
Calculate the remainder when 640476 is divided by 320229.
18
What is the remainder when 1367669 is divided by 3534?
11
What is the remainder when 2053859 is divided by 506?
5
Calculate the remainder when 1100885 is divided by 3149.
1884
What is the remainder when 36175204 is divided by 167?
165
Calculate the remainder when 68315458 is divided by 3979.
7
What is the remainder when 398897 is divided by 4986?
17
Calculate the remainder when 2607422 is divided by 153.
149
What is the remainder when 1086101539 is divided by 1671?
1669
Calculate the remainder when 264130 is divided by 264108.
22
What is the remainder when 3512201 is divided by 729?
608
Calculate the remainder when 164770 is divided by 662.
594
Calculate the remainder when 2996980 is divided by 4412.
1232
What is the remainder when 405644 is divided by 225?
194
Calculate the remainder when 9968346 is divided by 100690.
36
What is the remainder when 247437372 is divided by 235?
232
What is the remainder when 1425995 is divided by 142589?
105
Calculate the remainder when 52973137 is divided by 2207214.
1
What is the remainder when 352285 is divided by 34?
11
Calculate the remainder when 19521839 is divided by 228.
23
What is the remainder when 173895 is divided by 235?
230
What is the remainder when 2032965 is divided by 99?
0
What is the remainder when 966102 is divided by 709?
444
Calculate the remainder when 3969169 is divided by 3969159.
10
What is the remainder when 9481910 is divided by 430?
410
What is the remainder when 201207 is divided by 67051?
54
What is the remainder when 2449430 is divided by 4935?
1670
What is the remainder when 12538859 is divided by 427?
4
Calculate the remainder when 747022 is divided by 285.
37
Calculate the remainder when 24940815 is divided by 8313556.
147
What is the remainder when 1308742 is divided by 447?
373
Calculate the remainder when 548052 is divided by 282.
126
Calculate the remainder when 134175 is divided by 63484.
7207
Calculate the remainder when 2757571 is divided by 37.
35
What is the remainder when 581651 is divided by 290818?
15
What is the remainder when 18841623 is divided by 5558?
3
Calculate the remainder when 325815 is divided by 23265.
105
What is the remainder when 98387704 is divided by 6315?
4
What is the remainder when 105486 is divided by 8097?
225
What is the remainder when 429567 is divided by 1868?
1795
What is the remainder when 4405583 is divided by 191?
168
Calculate the remainder when 379055 is divided by 126342.
29
What is the remainder when 2260234 is divided by 1791?
1783
What is the remainder when 4540286 is divided by 2270137?
12
What is the remainder when 46847189 is divided by 1035?
1019
Calculate the remainder when 40776287 is divided by 53.
48
Calculate the remainder when 50382588 is divided by 3621.
3615
What is the remainder when 74462 is divided by 2231?
839
What is the remainder when 26203011 is divided by 1187?
1173
What is the remainder when 320771 is divided by 320739?
32
Calculate the remainder when 952247 is divided by 5.
2
Calculate the remainder when 962376 is divided by 623.
464
What is the remainder when 996128 is divided by 257?
253
Calculate the remainder when 23754673 is divided by 5.
3
What is the remainder when 55403 is divided by 250?
153
What is the remainder when 28655574 is divided by 179?
1
Calculate the remainder when 1037743 is divided by 2588.
2543
What is the remainder when 365273 is divided by 60878?
5
Calculate the remainder